 181248 is divided by 459?
402
What is the remainder when 195399 is divided by 9657?
2259
What is the remainder when 29440832 is divided by 1731?
1715
Calculate the remainder when 43002789 is divided by 1666.
1663
What is the remainder when 1627338 is divided by 1627313?
25
Calculate the remainder when 323903 is divided by 1971.
659
Calculate the remainder when 17331 is divided by 290.
221
Calculate the remainder when 37596 is divided by 59.
13
Calculate the remainder when 2213 is divided by 1796.
417
What is the remainder when 4391026 is divided by 20?
6
What is the remainder when 6251337 is divided by 8830?
8527
What is the remainder when 12688934 is divided by 4185?
14
What is the remainder when 15603586 is divided by 12?
10
What is the remainder when 82810 is divided by 27469?
403
What is the remainder when 173632 is divided by 1390?
1272
Calculate the remainder when 31396619 is divided by 31396597.
22
What is the remainder when 9238432 is divided by 490?
462
Calculate the remainder when 326940 is divided by 337.
50
Calculate the remainder when 492119 is divided by 64.
23
What is the remainder when 75655 is divided by 1631?
629
Calculate the remainder when 9332595 is divided by 654.
15
What is the remainder when 1335910 is divided by 20?
10
What is the remainder when 3187362 is divided by 7244?
2
What is the remainder when 300765 is divided by 30036?
405
What is the remainder when 16360746 is divided by 183?
180
Calculate the remainder when 1938767 is divided by 48.
47
Calculate the remainder when 556686 is divided by 6326.
6324
Calculate the remainder when 157082931 is divided by 1604.
3
Calculate the remainder when 5125919 is divided by 11703.
5
What is the remainder when 5217993 is divided by 37?
31
What is the remainder when 27584157 is divided by 1447?
1443
Calculate the remainder when 11306176 is divided by 11306159.
17
Calculate the remainder when 34816479 is divided by 12307.
12283
What is the remainder when 3959385 is divided by 1979687?
11
Calculate the remainder when 16844 is divided by 15103.
1741
What is the remainder when 2096996 is divided by 5053?
1
What is the remainder when 1891960 is divided by 1891937?
23
Calculate the remainder when 257683 is divided by 257616.
67
What is the remainder when 2546098 is divided by 5921?
68
What is the remainder when 7275280 is divided by 234686?
14
Calculate the remainder when 15410034 is divided by 12.
6
Calculate the remainder when 155470379 is divided by 245.
239
Calculate the remainder when 4717082 is divided by 943413.
17
What is the remainder when 5461 is divided by 4745?
716
Calculate the remainder when 66678945 is divided by 812.
753
Calculate the remainder when 1125873 is divided by 15008.
273
Calculate the remainder when 60930 is divided by 1317.
348
Calculate the remainder when 9553429 is divided by 636891.
64
What is the remainder when 318229 is divided by 2608?
53
What is the remainder when 14959772 is divided by 416?
412
What is the remainder when 44149431 is divided by 331?
320
Calculate the remainder when 93691 is divided by 1952.
1947
What is the remainder when 393911568 is divided by 15?
3
What is the remainder when 199355014 is divided by 4984?
4982
Calculate the remainder when 15586017 is divided by 372.
333
Calculate the remainder when 57071338 is divided by 1391.
1390
What is the remainder when 476884 is divided by 149?
84
Calculate the remainder when 368809 is divided by 319.
45
What is the remainder when 306315 is divided by 2056?
2027
Calculate the remainder when 1086571 is divided by 667.
28
What is the remainder when 31894 is divided by 415?
354
Calculate the remainder when 21531851 is divided by 4.
3
Calculate the remainder when 1344868 is divided by 109.
26
Calculate the remainder when 934094479 is divided by 155.
154
What is the remainder when 2092393 is divided by 1343?
1342
What is the remainder when 214937 is divided by 1524?
53
Calculate the remainder when 528384 is divided by 45.
39
Calculate the remainder when 1435172 is divided by 4693.
3807
Calculate the remainder when 759295 is divided by 353.
345
Calculate the remainder when 48753613 is divided by 2902.
13
Calculate the remainder when 151776 is divided by 2409.
9
What is the remainder when 9276711 is divided by 18?
15
Calculate the remainder when 31549 is divided by 2892.
2629
Calculate the remainder when 159637306 is divided by 815.
811
Calculate the remainder when 2573491 is divided by 1076.
775
Calculate the remainder when 30896 is divided by 4901.
1490
Calculate the remainder when 3580162 is divided by 6992.
258
What is the remainder when 10069089 is divided by 76?
1
Calculate the remainder when 519799 is divided by 259304.
1191
What is the remainder when 672849 is divided by 16817?
169
Calculate the remainder when 26393733 is divided by 24621.
21
What is the remainder when 34711829 is divided by 205?
204
Calculate the remainder when 40071667 is divided by 1124.
1067
Calculate the remainder when 110438 is divided by 2042.
170
Calculate the remainder when 43265868 is divided by 4061.
4035
Calculate the remainder when 22669698 is divided by 308.
282
What is the remainder when 54378512 is divided by 1083?
1082
What is the remainder when 42619 is divided by 42455?
164
Calculate the remainder when 24153495 is divided by 17.
14
Calculate the remainder when 79393584 is divided by 45.
39
What is the remainder when 6022906 is divided by 1464?
10
What is the remainder when 1060931 is divided by 2659?
2649
What is the remainder when 858272 is divided by 2283?
2147
Calculate the remainder when 13453117 is divided by 3363264.
61
What is the remainder when 144154 is divided by 11?
10
What is the remainder when 3378604 is divided by 1126150?
154
Calculate the remainder when 89407 is divided by 89330.
77
What is the remainder when 96209 is divided by 606?
461
Calculate the remainder when 4098064 is divided by 287.
278
Calculate the remainder when 558836 is divided by 13598.
1318
Calculate the remainder when 852560 is divided by 297.
170
What is the remainder when 912811 is divided by 304195?
226
Calculate the remainder when 28159 is divided by 690.
559
Calculate the remainder when 24383295 is divided by 123773.
14
Calculate the remainder when 98744635 is divided by 302.
299
Calculate the remainder when 27042 is divided by 1539.
879
What is the remainder when 41084 is divided by 20498?
88
What is the remainder when 9696435 is divided by 4847939?
557
Calculate the remainder when 90715 is divided by 30078.
481
Calculate the remainder when 11389162 is divided by 511.
505
Calculate the remainder when 544831 is divided by 560.
511
Calculate the remainder when 6908047 is divided by 169.
3
Calculate the remainder when 77237058 is divided by 3558.
3552
Calculate the remainder when 2063966 is divided by 1278.
1274
What is the remainder when 1917334 is divided by 73?
62
What is the remainder when 1544 is divided by 150?
44
Calculate the remainder when 134982589 is divided by 19.
15
Calculate the remainder when 4509564 is divided by 49.
45
What is the remainder when 2642089 is divided by 254?
235
Calculate the remainder when 6684307 is divided by 203.
126
What is the remainder when 64543159 is divided by 167?
164
Calculate the remainder when 43157789 is divided by 824.
789
What is the remainder when 12235881 is divided by 3165?
3156
Calculate the remainder when 4456022 is divided by 13.
12
Calculate the remainder when 105160 is divided by 1241.
916
What is the remainder when 180716 is divided by 22587?
20
Calculate the remainder when 4998318 is divided by 1720.
1718
Calculate the remainder when 13405618 is divided by 4468490.
148
Calculate the remainder when 1427641 is divided by 2173.
2153
Calculate the remainder when 244478 is divided by 30530.
238
Calculate the remainder when 337293701 is divided by 634.
629
Calculate the remainder when 3612679 is divided by 4902.
4807
Calculate the remainder when 1105283 is divided by 32508.
11
What is the remainder when 24990248 is divided by 780945?
8
What is the remainder when 2080029 is divided by 519961?
185
Calculate the remainder when 633038033 is divided by 4823.
4814
Calculate the remainder when 2794775 is divided by 262.
21
Calculate the remainder when 586535 is divided